{"id":22,"date":"2025-01-20T10:56:18","date_gmt":"2025-01-20T10:56:18","guid":{"rendered":"https:\/\/blauxell.com\/?page_id=22"},"modified":"2026-02-27T22:08:35","modified_gmt":"2026-02-27T22:08:35","slug":"aviso-legal","status":"publish","type":"page","link":"https:\/\/blauxell.com\/ca\/aviso-legal\/","title":{"rendered":"Av\u00eds legal"},"content":{"rendered":"<h2 class=\"wp-block-heading\">Identificaci\u00f3 i Titularitat<\/h2>\n\n\n\n<p>En compliment de l'article 10 de la Llei 34\/2002, d'11 de juliol, de Serveis de la Societat de la Informaci\u00f3 i Comer\u00e7 Electr\u00f2nic, el Titular exposa les seves dades identificatives:<\/p>\n\n\n\n<ul class=\"wp-block-list\">\n<li><strong>T\u00edtol<\/strong>\u00a0 BLAUXELL MALLORCA BOATS SL.<\/li>\n\n\n\n<li><strong>NIF:<\/strong>\u00a0B16634792<br>Inscrita al Registre Mercantil de Palma de Mallorca, tom 2819, llibre 232, secci\u00f3 6177, foli 133, full PM-87008, inscripci\u00f3 1.<\/li>\n\n\n\n<li><strong>Domicili:<\/strong>\u00a0 C\/ Josep Orlandis i Meli\u00e0 2 escala A \u2013 1B, Balears \u2013 Espanya.<\/li>\n\n\n\n<li><strong>Correu electr\u00f2nic<\/strong>\u00a0 contact@blauxell.com<\/li>\n\n\n\n<li><strong>Tel\u00e8fon de contacte:<\/strong>\u00a0 +34 689 686 260<\/li>\n\n\n\n<li><strong>Lloc web<\/strong>\u00a0\u00a0<a href=\"https:\/\/blauxell.com\/ca\/\">https:\/\/blauxell.com\/<\/a><\/li>\n<\/ul>\n\n\n\n<h2 class=\"wp-block-heading\">Finalitat<\/h2>\n\n\n\n<p>La finalitat del Lloc Web \u00e9s: Lloguer d'embarcacions.<\/p>\n\n\n\n<h2 class=\"wp-block-heading\">Condicions d'\u00fas<\/h2>\n\n\n\n<p>La utilitzaci\u00f3 del Lloc Web us atorga la condici\u00f3 d'Usuari, i implica l'acceptaci\u00f3 completa de totes les cl\u00e0usules i condicions d'\u00fas incloses a les p\u00e0gines:<\/p>\n\n\n\n<ul class=\"wp-block-list\">\n<li><a href=\"https:\/\/blauxell.com\/ca\/alegal.php\/\">Av\u00eds Legal<\/a><\/li>\n\n\n\n<li><a href=\"https:\/\/blauxell.com\/ca\/alegal.php\/#privacidad\">Pol\u00edtica de Privacitat<\/a><\/li>\n\n\n\n<li><a href=\"https:\/\/blauxell.com\/ca\/alegal.php\/#cookies\">Pol\u00edtica de Galetes<\/a><\/li>\n<\/ul>\n\n\n\n<p>Si no est\u00e0 satisfet amb totes i cadascuna d'aquestes cl\u00e0usules i condicions, abstingui's d'utilitzar el Lloc Web.<\/p>\n\n\n\n<p>L'acc\u00e9s al Lloc Web no suposa, de cap manera, l'inici d'una relaci\u00f3 comercial amb el Titular.<\/p>\n\n\n\n<p>A trav\u00e9s del Lloc Web, el Titular li facilita l'acc\u00e9s i la utilitzaci\u00f3 de diversos continguts que el Titular i\/o els seus col\u00b7laboradors han publicat per mitj\u00e0 d'Internet.<\/p>\n\n\n\n<p>Amb aquesta finalitat, es compromet i obliga a NO utilitzar cap dels continguts del Lloc Web amb finalitats o efectes il\u00b7l\u00edcits, prohibits en aquest Av\u00eds Legal o per la legislaci\u00f3 vigent, lesius dels drets i interessos de tercers, o que de qualsevol manera puguin danyar, inutilitzar, sobrecarregar, deteriorar o impedir la utilitzaci\u00f3 normal dels continguts, els equips inform\u00e0tics o els documents, arxius i tota classe de continguts emmagatzemats en qualsevol equip inform\u00e0tic propis o contractats pel Titular, d'altres usuaris o de qualsevol usuari d'Internet.<\/p>\n\n\n\n<h2 class=\"wp-block-heading\">Mesures de seguretat<\/h2>\n\n\n\n<p>Les dades personals que faciliti al Titular poden ser emmagatzemades en bases de dades automatitzades o no, la titularitat de les quals correspon en exclusiva al Titular, que assumeix totes les mesures d'\u00edndole t\u00e8cnica, organitzativa i de seguretat que garanteixen la confidencialitat, integritat i qualitat de la informaci\u00f3 continguda en les mateixes d'acord amb el que s'estableix en la normativa vigent en protecci\u00f3 de dades.<\/p>\n\n\n\n<p>No obstant aix\u00f2, heu de ser conscients que les mesures de seguretat dels sistemes inform\u00e0tics a Internet no s\u00f3n enterament fiables i que, per tant, el Titular no pot garantir la inexist\u00e8ncia de virus o altres elements que puguin produir alteracions en els sistemes inform\u00e0tics (software i hardware) de l'Usuari o en els seus documents electr\u00f2nics i fitxers que contenen, encara que el Titular posa tots els mitjans necessaris i pren les mesures de seguretat oportunes per evitar la pres\u00e8ncia d'aquests elements nocius.<\/p>\n\n\n\n<h2 class=\"wp-block-heading\">Tractament de Dades Personals<\/h2>\n\n\n\n<p>Pot consultar tota la informaci\u00f3 relativa al tractament de dades personals que recull el Titular a la p\u00e0gina de&nbsp;<a href=\"https:\/\/blauxell.com\/es\/alegal\/\">Pol\u00edtica de Privacitat<\/a>.<\/p>\n\n\n\n<h2 class=\"wp-block-heading\">Contingut<\/h2>\n\n\n\n<p>El Titular ha obtingut la informaci\u00f3, el contingut multim\u00e8dia i els materials inclosos al Lloc Web de fonts que considera fiables, per\u00f2, si b\u00e9 ha pres totes les mesures raonables per assegurar que la informaci\u00f3 continguda \u00e9s correcta, el Titular no garanteix que sigui exacta, completa o actualitzada. El Titular declina expressament qualsevol responsabilitat per error o omissi\u00f3 en la informaci\u00f3 continguda a les p\u00e0gines del Lloc Web.<\/p>\n\n\n\n<p>Queda prohibit transmetre o enviar a trav\u00e9s del Lloc Web qualsevol contingut il\u00b7legal o il\u00b7l\u00edcit, virus inform\u00e0tics, o missatges que, en general, afectin o violin drets del Titular o de tercers.<\/p>\n\n\n\n<p>Els continguts del Lloc Web tenen \u00fanicament una finalitat informativa i sota cap circumst\u00e0ncia s'han d'utilitzar ni considerar com a oferta de venda, sol\u00b7licitud d'una oferta de compra ni recomanaci\u00f3 per realitzar qualsevol altra operaci\u00f3, llevat que aix\u00ed s'indiqui expressament.<\/p>\n\n\n\n<p>El Titular es reserva el dret de modificar, suspendre, cancel\u00b7lar o restringir el contingut del Lloc Web, els vincles o la informaci\u00f3 obtinguda a trav\u00e9s del Lloc Web, sense necessitat d'av\u00eds previ.<\/p>\n\n\n\n<p>El Titular no es responsable dels danys i perjudicis que es poguessin derivar de la utilitzaci\u00f3 de la informaci\u00f3 del Lloc Web o de la continguda a les xarxes socials del Titular.<\/p>\n\n\n\n<h2 class=\"wp-block-heading\">Pol\u00edtica de galetes<\/h2>\n\n\n\n<p>Podeu consultar tota la informaci\u00f3 relativa a la pol\u00edtica de recollida i tractament de les cookies a la p\u00e0gina de&nbsp;<a href=\"https:\/\/blauxell.com\/es\/alegal\/#cookies\">Pol\u00edtica de Galetes<\/a>.<\/p>\n\n\n\n<h2 class=\"wp-block-heading\">Enlla\u00e7os a altres llocs web<\/h2>\n\n\n\n<p>El Titular pot proporcionar-li acc\u00e9s a llocs web de tercers mitjan\u00e7ant enlla\u00e7os amb la finalitat exclusiva d'informar sobre l'exist\u00e8ncia d'altres fonts d'informaci\u00f3 a Internet en les quals podr\u00e0 ampliar les dades ofertes al Lloc Web.<\/p>\n\n\n\n<p>Aquests enlla\u00e7os a altres llocs web no suposen en cap cas un suggeriment o recomanaci\u00f3 perqu\u00e8 visiteu les p\u00e0gines web de destinaci\u00f3, que estan fora del control del Titular, per la qual cosa el Titular no \u00e9s responsable del contingut dels llocs web vinculats ni del resultat que obtingueu en seguir els enlla\u00e7os. Aix\u00ed mateix, el Titular no respon dels links o enlla\u00e7os ubicats en els llocs web vinculats als quals us proporciona acc\u00e9s.<\/p>\n\n\n\n<p>El establiment de l'enlla\u00e7 no implica en cap cas l'exist\u00e8ncia de relacions entre el Titular i el propietari del lloc on s'estableixi l'enlla\u00e7, ni l'acceptaci\u00f3 o aprovaci\u00f3 per part del Titular dels seus continguts o serveis.<\/p>\n\n\n\n<p>Si accede a un lloc web extern des d'un enlla\u00e7 que trobi al Lloc Web vost\u00e8 haur\u00e0 de llegir la pr\u00f2pia pol\u00edtica de privacitat de l'altre lloc web que pot ser diferent de la d'aquest Lloc Web.<\/p>\n\n\n\n<h2 class=\"wp-block-heading\">Propietat intel\u00b7lectual i industrial<\/h2>\n\n\n\n<p>Tots els drets reservats.<\/p>\n\n\n\n<p>Tot acc\u00e9s a aquest Lloc Web est\u00e0 subjecte a les seg\u00fcents condicions: la reproducci\u00f3, emmagatzematge permanent i la difusi\u00f3 dels continguts o qualsevol altre \u00fas que tingui finalitat p\u00fablica o comercial queda expressament prohibit sense el consentiment previ expr\u00e9s i per escrit del Titular.<\/p>\n\n\n\n<h2 class=\"wp-block-heading\">Limitaci\u00f3 de responsabilitat<\/h2>\n\n\n\n<p>El Titular declina qualsevol responsabilitat en cas que hi hagi interrupcions o un mal funcionament dels Serveis o continguts oferts a Internet, qualsevol que en sigui la causa. Aix\u00ed mateix, el Titular no es fa responsable per caigudes de la xarxa, p\u00e8rdues de negoci com a conseq\u00fc\u00e8ncia de dites caigudes, suspensions temporals de fluid el\u00e8ctric o qualsevol altre tipus de dany indirecte que et pugui ser causat per causes alienes al Titular.<\/p>\n\n\n\n<p>Abans de prendre decisions i\/o accions basant-se en la informaci\u00f3 inclosa al Lloc Web, el Titular us recomana comprovar i contrastar la informaci\u00f3 rebuda amb altres fonts.<\/p>\n\n\n\n<h2 class=\"wp-block-heading\">Dret d'exclusi\u00f3<\/h2>\n\n\n\n<p>El Titular es reserva el dret de denegar o retirar l'acc\u00e9s al Lloc Web i als serveis oferts sense necessitat de preav\u00eds, a inst\u00e0ncies pr\u00f2pia o d'un tercer, a aquells usuaris que incompleixin qualsevol de les condicions d'aquest Av\u00eds Legal.<\/p>\n\n\n\n<h2 class=\"wp-block-heading\">Jurisdicci\u00f3<\/h2>\n\n\n\n<p>Aquest Av\u00eds Legal es regeix \u00edntegrament per la legislaci\u00f3 espanyola.<\/p>\n\n\n\n<h2 class=\"wp-block-heading\">Contacte<\/h2>\n\n\n\n<p>En cas que tingui qualsevol dubte sobre aquest Av\u00eds Legal o vulgui fer qualsevol comentari sobre el Lloc Web, pot enviar un missatge de correu electr\u00f2nic a l'adre\u00e7a: contact@blauxell.com<\/p>","protected":false},"excerpt":{"rendered":"<p>Identificaci\u00f3n y Titularidad En cumplimiento del art\u00edculo 10 de la Ley 34\/2002, de 11 de julio, de Servicios de la Sociedad de la Informaci\u00f3n y Comercio Electr\u00f3nico, el Titular expone sus datos identificativos: Finalidad La finalidad del Sitio Web es: Alquiler de embarcaciones. Condiciones de Uso La utilizaci\u00f3n del Sitio Web le otorga la condici\u00f3n [&hellip;]<\/p>\n","protected":false},"author":1,"featured_media":0,"parent":0,"menu_order":0,"comment_status":"closed","ping_status":"closed","template":"","meta":{"footnotes":""},"class_list":["post-22","page","type-page","status-publish","hentry"],"_links":{"self":[{"href":"https:\/\/blauxell.com\/ca\/wp-json\/wp\/v2\/pages\/22","targetHints":{"allow":["GET"]}}],"collection":[{"href":"https:\/\/blauxell.com\/ca\/wp-json\/wp\/v2\/pages"}],"about":[{"href":"https:\/\/blauxell.com\/ca\/wp-json\/wp\/v2\/types\/page"}],"author":[{"embeddable":true,"href":"https:\/\/blauxell.com\/ca\/wp-json\/wp\/v2\/users\/1"}],"replies":[{"embeddable":true,"href":"https:\/\/blauxell.com\/ca\/wp-json\/wp\/v2\/comments?post=22"}],"version-history":[{"count":2,"href":"https:\/\/blauxell.com\/ca\/wp-json\/wp\/v2\/pages\/22\/revisions"}],"predecessor-version":[{"id":623,"href":"https:\/\/blauxell.com\/ca\/wp-json\/wp\/v2\/pages\/22\/revisions\/623"}],"wp:attachment":[{"href":"https:\/\/blauxell.com\/ca\/wp-json\/wp\/v2\/media?parent=22"}],"curies":[{"name":"wp","href":"https:\/\/api.w.org\/{rel}","templated":true}]}}

Avís legal

<h2 class="wp-block-heading">Identificació i Titularitat</h2>



<p>En compliment de l'article 10 de la Llei 34/2002, d'11 de juliol, de Serveis de la Societat de la Informació i Comerç Electrònic, el Titular exposa les seves dades identificatives:</p>



<ul class="wp-block-list">
<li><strong>Títol</strong>  BLAUXELL MALLORCA BOATS SL.</li>



<li><strong>NIF:</strong> B16634792<br>Inscrita al Registre Mercantil de Palma de Mallorca, tom 2819, llibre 232, secció 6177, foli 133, full PM-87008, inscripció 1.</li>



<li><strong>Domicili:</strong>  C/ Josep Orlandis i Melià 2 escala A – 1B, Balears – Espanya.</li>



<li><strong>Correu electrònic</strong>  contact@blauxell.com</li>



<li><strong>Telèfon de contacte:</strong>  +34 689 686 260</li>



<li><strong>Lloc web</strong>  <a href="https://blauxell.com/ca/">https://blauxell.com/</a></li>
</ul>



<h2 class="wp-block-heading">Finalitat</h2>



<p>La finalitat del Lloc Web és: Lloguer d'embarcacions.</p>



<h2 class="wp-block-heading">Condicions d'ús</h2>



<p>La utilització del Lloc Web us atorga la condició d'Usuari, i implica l'acceptació completa de totes les clàusules i condicions d'ús incloses a les pàgines:</p>



<ul class="wp-block-list">
<li><a href="https://blauxell.com/ca/alegal.php/">Avís Legal</a></li>



<li><a href="https://blauxell.com/ca/alegal.php/#privacidad">Política de Privacitat</a></li>



<li><a href="https://blauxell.com/ca/alegal.php/#cookies">Política de Galetes</a></li>
</ul>



<p>Si no està satisfet amb totes i cadascuna d'aquestes clàusules i condicions, abstingui's d'utilitzar el Lloc Web.</p>



<p>L'accés al Lloc Web no suposa, de cap manera, l'inici d'una relació comercial amb el Titular.</p>



<p>A través del Lloc Web, el Titular li facilita l'accés i la utilització de diversos continguts que el Titular i/o els seus col·laboradors han publicat per mitjà d'Internet.</p>



<p>Amb aquesta finalitat, es compromet i obliga a NO utilitzar cap dels continguts del Lloc Web amb finalitats o efectes il·lícits, prohibits en aquest Avís Legal o per la legislació vigent, lesius dels drets i interessos de tercers, o que de qualsevol manera puguin danyar, inutilitzar, sobrecarregar, deteriorar o impedir la utilització normal dels continguts, els equips informàtics o els documents, arxius i tota classe de continguts emmagatzemats en qualsevol equip informàtic propis o contractats pel Titular, d'altres usuaris o de qualsevol usuari d'Internet.</p>



<h2 class="wp-block-heading">Mesures de seguretat</h2>



<p>Les dades personals que faciliti al Titular poden ser emmagatzemades en bases de dades automatitzades o no, la titularitat de les quals correspon en exclusiva al Titular, que assumeix totes les mesures d'índole tècnica, organitzativa i de seguretat que garanteixen la confidencialitat, integritat i qualitat de la informació continguda en les mateixes d'acord amb el que s'estableix en la normativa vigent en protecció de dades.</p>



<p>No obstant això, heu de ser conscients que les mesures de seguretat dels sistemes informàtics a Internet no són enterament fiables i que, per tant, el Titular no pot garantir la inexistència de virus o altres elements que puguin produir alteracions en els sistemes informàtics (software i hardware) de l'Usuari o en els seus documents electrònics i fitxers que contenen, encara que el Titular posa tots els mitjans necessaris i pren les mesures de seguretat oportunes per evitar la presència d'aquests elements nocius.</p>



<h2 class="wp-block-heading">Tractament de Dades Personals</h2>



<p>Pot consultar tota la informació relativa al tractament de dades personals que recull el Titular a la pàgina de&nbsp;<a href="https://blauxell.com/es/alegal/">Política de Privacitat</a>.</p>



<h2 class="wp-block-heading">Contingut</h2>



<p>El Titular ha obtingut la informació, el contingut multimèdia i els materials inclosos al Lloc Web de fonts que considera fiables, però, si bé ha pres totes les mesures raonables per assegurar que la informació continguda és correcta, el Titular no garanteix que sigui exacta, completa o actualitzada. El Titular declina expressament qualsevol responsabilitat per error o omissió en la informació continguda a les pàgines del Lloc Web.</p>



<p>Queda prohibit transmetre o enviar a través del Lloc Web qualsevol contingut il·legal o il·lícit, virus informàtics, o missatges que, en general, afectin o violin drets del Titular o de tercers.</p>



<p>Els continguts del Lloc Web tenen únicament una finalitat informativa i sota cap circumstància s'han d'utilitzar ni considerar com a oferta de venda, sol·licitud d'una oferta de compra ni recomanació per realitzar qualsevol altra operació, llevat que així s'indiqui expressament.</p>



<p>El Titular es reserva el dret de modificar, suspendre, cancel·lar o restringir el contingut del Lloc Web, els vincles o la informació obtinguda a través del Lloc Web, sense necessitat d'avís previ.</p>



<p>El Titular no es responsable dels danys i perjudicis que es poguessin derivar de la utilització de la informació del Lloc Web o de la continguda a les xarxes socials del Titular.</p>



<h2 class="wp-block-heading">Política de galetes</h2>



<p>Podeu consultar tota la informació relativa a la política de recollida i tractament de les cookies a la pàgina de&nbsp;<a href="https://blauxell.com/es/alegal/#cookies">Política de Galetes</a>.</p>



<h2 class="wp-block-heading">Enllaços a altres llocs web</h2>



<p>El Titular pot proporcionar-li accés a llocs web de tercers mitjançant enllaços amb la finalitat exclusiva d'informar sobre l'existència d'altres fonts d'informació a Internet en les quals podrà ampliar les dades ofertes al Lloc Web.</p>



<p>Aquests enllaços a altres llocs web no suposen en cap cas un suggeriment o recomanació perquè visiteu les pàgines web de destinació, que estan fora del control del Titular, per la qual cosa el Titular no és responsable del contingut dels llocs web vinculats ni del resultat que obtingueu en seguir els enllaços. Així mateix, el Titular no respon dels links o enllaços ubicats en els llocs web vinculats als quals us proporciona accés.</p>



<p>El establiment de l'enllaç no implica en cap cas l'existència de relacions entre el Titular i el propietari del lloc on s'estableixi l'enllaç, ni l'acceptació o aprovació per part del Titular dels seus continguts o serveis.</p>



<p>Si accede a un lloc web extern des d'un enllaç que trobi al Lloc Web vostè haurà de llegir la pròpia política de privacitat de l'altre lloc web que pot ser diferent de la d'aquest Lloc Web.</p>



<h2 class="wp-block-heading">Propietat intel·lectual i industrial</h2>



<p>Tots els drets reservats.</p>



<p>Tot accés a aquest Lloc Web està subjecte a les següents condicions: la reproducció, emmagatzematge permanent i la difusió dels continguts o qualsevol altre ús que tingui finalitat pública o comercial queda expressament prohibit sense el consentiment previ exprés i per escrit del Titular.</p>



<h2 class="wp-block-heading">Limitació de responsabilitat</h2>



<p>El Titular declina qualsevol responsabilitat en cas que hi hagi interrupcions o un mal funcionament dels Serveis o continguts oferts a Internet, qualsevol que en sigui la causa. Així mateix, el Titular no es fa responsable per caigudes de la xarxa, pèrdues de negoci com a conseqüència de dites caigudes, suspensions temporals de fluid elèctric o qualsevol altre tipus de dany indirecte que et pugui ser causat per causes alienes al Titular.</p>



<p>Abans de prendre decisions i/o accions basant-se en la informació inclosa al Lloc Web, el Titular us recomana comprovar i contrastar la informació rebuda amb altres fonts.</p>



<h2 class="wp-block-heading">Dret d'exclusió</h2>



<p>El Titular es reserva el dret de denegar o retirar l'accés al Lloc Web i als serveis oferts sense necessitat de preavís, a instàncies pròpia o d'un tercer, a aquells usuaris que incompleixin qualsevol de les condicions d'aquest Avís Legal.</p>



<h2 class="wp-block-heading">Jurisdicció</h2>



<p>Aquest Avís Legal es regeix íntegrament per la legislació espanyola.</p>



<h2 class="wp-block-heading">Contacte</h2>



<p>En cas que tingui qualsevol dubte sobre aquest Avís Legal o vulgui fer qualsevol comentari sobre el Lloc Web, pot enviar un missatge de correu electrònic a l'adreça: contact@blauxell.com</p>

<p>Identificación y Titularidad En cumplimiento del artículo 10 de la Ley 34/2002, de 11 de julio, de Servicios de la Sociedad de la Información y Comercio Electrónico, el Titular expone sus datos identificativos: Finalidad La finalidad del Sitio Web es: Alquiler de embarcaciones. Condiciones de Uso La utilización del Sitio Web le otorga la condición [&hellip;]</p>
